{"id":1015,"date":"2015-02-23T17:06:21","date_gmt":"2015-02-23T15:06:21","guid":{"rendered":"http:\/\/www.mehlkammer.de\/mehlkammer\/?page_id=1015"},"modified":"2019-01-29T12:25:01","modified_gmt":"2019-01-29T10:25:01","slug":"jobs","status":"publish","type":"page","link":"https:\/\/www.mehlkammer.de\/mehlkammer\/jobs\/","title":{"rendered":"Jobs"},"content":{"rendered":"<p style=\"text-align: left;\">Unser seit mehreren Generationen gef\u00fchrtes und zukunftsorientiertes Familienunternehmen umfasst neben klassischem Ackerbau noch Sonderkulturen wie Spargel, Kirschen und Heidelbeeren. Dazu geh\u00f6ren ein Hofcaf\u00e9 und Restaurant, eine Direktvermarktung sowie eine traditionsreiche Pferdezucht mit angeschlossenem Ausbildungs-, Beritt- und Pensionsbetrieb f\u00fcr Pferde.<\/p>\n<p style=\"text-align: left;\">\n<p style=\"text-align: left;\"><strong>Wir suchen n\u00e4chstm\u00f6glichen Zeitpunkt eine\/n engagierte\/n und kommunikationsstarken\/n<\/strong><\/p>\n<h1 style=\"text-align: left;\"><span style=\"color: #b30b0b;\"><strong>Agrar-B\u00fcro-Manager (m\/w\/d)<\/strong><\/span><\/h1>\n<p style=\"text-align: left;\"><strong>auf 450,- \u20ac &#8211; Basis bzw. Teilzeit mit der Option auf Intensivierung.<\/strong><\/p>\n<hr class=\"progression-hr\"><\/hr>\n<p><strong>Ihre Aufgaben:<\/strong><\/p>\n<ul>\n<li>Vorbereitung der Buchhaltung sowie die Lohnbuchhaltung<\/li>\n<li>Beantworten von Emails, Telefonaten und F\u00fchren von Kundengespr\u00e4chen; Kundenakquise<\/li>\n<li>Erstellen von Dokumenten (Vertr\u00e4ge, Tabellen, Pr\u00e4sentationen, kleinere Projektarbeiten)<\/li>\n<li>Vorbereitung und Durchf\u00fchrung kleinerer Projekte (inkl. Recherchen, usw.)<\/li>\n<li>Mieterbetreuung und \u2013abwicklung<\/li>\n<\/ul>\n<p><strong>Wir erwarten:<\/strong><\/p>\n<ul>\n<li>Erfolgreich abgeschlossene Berufsausbildung z.B. als B\u00fcrokaufmann\/-frau oder Vergleichbares<\/li>\n<li>Berufserfahrung im landwirtschaftlichen Bereich erw\u00fcnscht<\/li>\n<li>Sehr gute MS Office Kenntnisse, spez. Word, Excel, Power Point; Access erw\u00fcnscht<\/li>\n<li>Gute allgemeine Computer-Kenntnisse<\/li>\n<li>Gute Auffassungsgabe, strukturierte Arbeitsweise und Organisationstalent<\/li>\n<\/ul>\n<p><strong>Wir bieten:<\/strong><\/p>\n<ul>\n<li>Eine faire, den F\u00e4higkeiten angemessene Bezahlung<\/li>\n<li>Ein famili\u00e4res Arbeitsumfeld<\/li>\n<li>Gute und solide Einarbeitung<\/li>\n<li>Fortbildungsm\u00f6glichkeiten sind erw\u00fcnscht und werden unterst\u00fctzt<\/li>\n<li>Abwechslungsreiche und vielseitige Arbeitsbereiche<\/li>\n<li>langfristiges Angestelltenverh\u00e4ltnis erw\u00fcnscht<\/li>\n<li>Flexibilit\u00e4t in der Arbeitszeitgestaltung<\/li>\n<\/ul>\n","protected":false},"excerpt":{"rendered":"<p>Unser seit mehreren Generationen gef\u00fchrtes und zukunftsorientiertes Familienunternehmen umfasst neben klassischem Ackerbau noch Sonderkulturen wie Spargel, Kirschen und Heidelbeeren. Dazu geh\u00f6ren ein Hofcaf\u00e9 und Restaurant, eine Direktvermarktung sowie eine traditionsreiche Pferdezucht mit angeschlossenem Ausbildungs-, Beritt- und Pensionsbetrieb f\u00fcr Pferde. Wir suchen n\u00e4chstm\u00f6glichen Zeitpunkt eine\/n engagierte\/n und kommunikationsstarken\/n Agrar-B\u00fcro-Manager (m\/w\/d) auf 450,- \u20ac &#8211; Basis bzw. [&hellip;]<\/p>\n","protected":false},"author":4,"featured_media":1004,"parent":0,"menu_order":0,"comment_status":"open","ping_status":"open","template":"","meta":[],"yoast_head":"<!-- This site is optimized with the Yoast SEO plugin v20.0 - https:\/\/yoast.com\/wordpress\/plugins\/seo\/ -->\n<title>Jobs - Die Mehlkammer<\/title>\n<meta name=\"description\" content=\"Wir suchen Verst\u00e4rkung f\u00fcr unser Team. Koch\/K\u00f6chin in Teil oder Vollzeit. K\u00fcchenhilfe Teil oder Vollzeit Bewerbung per Post, Mail oder einfach ...\" \/>\n<meta name=\"robots\" content=\"index, follow, max-snippet:-1, max-image-preview:large, max-video-preview:-1\" \/>\n<link rel=\"canonical\" href=\"https:\/\/www.mehlkammer.de\/mehlkammer\/jobs\/\" \/>\n<meta property=\"og:locale\" content=\"de_DE\" \/>\n<meta property=\"og:type\" content=\"article\" \/>\n<meta property=\"og:title\" content=\"Jobs - Die Mehlkammer\" \/>\n<meta property=\"og:description\" content=\"Wir suchen Verst\u00e4rkung f\u00fcr unser Team. Koch\/K\u00f6chin in Teil oder Vollzeit. K\u00fcchenhilfe Teil oder Vollzeit Bewerbung per Post, Mail oder einfach ...\" \/>\n<meta property=\"og:url\" content=\"https:\/\/www.mehlkammer.de\/mehlkammer\/jobs\/\" \/>\n<meta property=\"article:modified_time\" content=\"2019-01-29T10:25:01+00:00\" \/>\n<meta property=\"og:image\" content=\"https:\/\/www.mehlkammer.de\/mehlkammer\/wp-content\/uploads\/2015\/02\/mehlkammer_banner1.jpg\" \/>\n\t<meta property=\"og:image:width\" content=\"2000\" \/>\n\t<meta property=\"og:image:height\" content=\"925\" \/>\n\t<meta property=\"og:image:type\" content=\"image\/jpeg\" \/>\n<meta name=\"twitter:label1\" content=\"Gesch\u00e4tzte Lesezeit\" \/>\n\t<meta name=\"twitter:data1\" content=\"1\u00a0Minute\" \/>\n<script type=\"application\/ld+json\" class=\"yoast-schema-graph\">{\"@context\":\"https:\/\/schema.org\",\"@graph\":[{\"@type\":\"WebPage\",\"@id\":\"https:\/\/www.mehlkammer.de\/mehlkammer\/jobs\/\",\"url\":\"https:\/\/www.mehlkammer.de\/mehlkammer\/jobs\/\",\"name\":\"Jobs - Die Mehlkammer\",\"isPartOf\":{\"@id\":\"https:\/\/www.mehlkammer.de\/mehlkammer\/#website\"},\"datePublished\":\"2015-02-23T15:06:21+00:00\",\"dateModified\":\"2019-01-29T10:25:01+00:00\",\"description\":\"Wir suchen Verst\u00e4rkung f\u00fcr unser Team. Koch\/K\u00f6chin in Teil oder Vollzeit. K\u00fcchenhilfe Teil oder Vollzeit Bewerbung per Post, Mail oder einfach ...\",\"breadcrumb\":{\"@id\":\"https:\/\/www.mehlkammer.de\/mehlkammer\/jobs\/#breadcrumb\"},\"inLanguage\":\"de\",\"potentialAction\":[{\"@type\":\"ReadAction\",\"target\":[\"https:\/\/www.mehlkammer.de\/mehlkammer\/jobs\/\"]}]},{\"@type\":\"BreadcrumbList\",\"@id\":\"https:\/\/www.mehlkammer.de\/mehlkammer\/jobs\/#breadcrumb\",\"itemListElement\":[{\"@type\":\"ListItem\",\"position\":1,\"name\":\"Home\",\"item\":\"https:\/\/www.mehlkammer.de\/mehlkammer\/\"},{\"@type\":\"ListItem\",\"position\":2,\"name\":\"Jobs\"}]},{\"@type\":\"WebSite\",\"@id\":\"https:\/\/www.mehlkammer.de\/mehlkammer\/#website\",\"url\":\"https:\/\/www.mehlkammer.de\/mehlkammer\/\",\"name\":\"\",\"description\":\"\",\"potentialAction\":[{\"@type\":\"SearchAction\",\"target\":{\"@type\":\"EntryPoint\",\"urlTemplate\":\"https:\/\/www.mehlkammer.de\/mehlkammer\/?s={search_term_string}\"},\"query-input\":\"required name=search_term_string\"}],\"inLanguage\":\"de\"}]}<\/script>\n<!-- \/ Yoast SEO plugin. -->","yoast_head_json":{"title":"Jobs - Die Mehlkammer","description":"Wir suchen Verst\u00e4rkung f\u00fcr unser Team. Koch\/K\u00f6chin in Teil oder Vollzeit. K\u00fcchenhilfe Teil oder Vollzeit Bewerbung per Post, Mail oder einfach ...","robots":{"index":"index","follow":"follow","max-snippet":"max-snippet:-1","max-image-preview":"max-image-preview:large","max-video-preview":"max-video-preview:-1"},"canonical":"https:\/\/www.mehlkammer.de\/mehlkammer\/jobs\/","og_locale":"de_DE","og_type":"article","og_title":"Jobs - Die Mehlkammer","og_description":"Wir suchen Verst\u00e4rkung f\u00fcr unser Team. Koch\/K\u00f6chin in Teil oder Vollzeit. K\u00fcchenhilfe Teil oder Vollzeit Bewerbung per Post, Mail oder einfach ...","og_url":"https:\/\/www.mehlkammer.de\/mehlkammer\/jobs\/","article_modified_time":"2019-01-29T10:25:01+00:00","og_image":[{"width":2000,"height":925,"url":"https:\/\/www.mehlkammer.de\/mehlkammer\/wp-content\/uploads\/2015\/02\/mehlkammer_banner1.jpg","type":"image\/jpeg"}],"twitter_misc":{"Gesch\u00e4tzte Lesezeit":"1\u00a0Minute"},"schema":{"@context":"https:\/\/schema.org","@graph":[{"@type":"WebPage","@id":"https:\/\/www.mehlkammer.de\/mehlkammer\/jobs\/","url":"https:\/\/www.mehlkammer.de\/mehlkammer\/jobs\/","name":"Jobs - Die Mehlkammer","isPartOf":{"@id":"https:\/\/www.mehlkammer.de\/mehlkammer\/#website"},"datePublished":"2015-02-23T15:06:21+00:00","dateModified":"2019-01-29T10:25:01+00:00","description":"Wir suchen Verst\u00e4rkung f\u00fcr unser Team. Koch\/K\u00f6chin in Teil oder Vollzeit. K\u00fcchenhilfe Teil oder Vollzeit Bewerbung per Post, Mail oder einfach ...","breadcrumb":{"@id":"https:\/\/www.mehlkammer.de\/mehlkammer\/jobs\/#breadcrumb"},"inLanguage":"de","potentialAction":[{"@type":"ReadAction","target":["https:\/\/www.mehlkammer.de\/mehlkammer\/jobs\/"]}]},{"@type":"BreadcrumbList","@id":"https:\/\/www.mehlkammer.de\/mehlkammer\/jobs\/#breadcrumb","itemListElement":[{"@type":"ListItem","position":1,"name":"Home","item":"https:\/\/www.mehlkammer.de\/mehlkammer\/"},{"@type":"ListItem","position":2,"name":"Jobs"}]},{"@type":"WebSite","@id":"https:\/\/www.mehlkammer.de\/mehlkammer\/#website","url":"https:\/\/www.mehlkammer.de\/mehlkammer\/","name":"","description":"","potentialAction":[{"@type":"SearchAction","target":{"@type":"EntryPoint","urlTemplate":"https:\/\/www.mehlkammer.de\/mehlkammer\/?s={search_term_string}"},"query-input":"required name=search_term_string"}],"inLanguage":"de"}]}},"_links":{"self":[{"href":"https:\/\/www.mehlkammer.de\/mehlkammer\/wp-json\/wp\/v2\/pages\/1015"}],"collection":[{"href":"https:\/\/www.mehlkammer.de\/mehlkammer\/wp-json\/wp\/v2\/pages"}],"about":[{"href":"https:\/\/www.mehlkammer.de\/mehlkammer\/wp-json\/wp\/v2\/types\/page"}],"author":[{"embeddable":true,"href":"https:\/\/www.mehlkammer.de\/mehlkammer\/wp-json\/wp\/v2\/users\/4"}],"replies":[{"embeddable":true,"href":"https:\/\/www.mehlkammer.de\/mehlkammer\/wp-json\/wp\/v2\/comments?post=1015"}],"version-history":[{"count":5,"href":"https:\/\/www.mehlkammer.de\/mehlkammer\/wp-json\/wp\/v2\/pages\/1015\/revisions"}],"predecessor-version":[{"id":1602,"href":"https:\/\/www.mehlkammer.de\/mehlkammer\/wp-json\/wp\/v2\/pages\/1015\/revisions\/1602"}],"wp:featuredmedia":[{"embeddable":true,"href":"https:\/\/www.mehlkammer.de\/mehlkammer\/wp-json\/wp\/v2\/media\/1004"}],"wp:attachment":[{"href":"https:\/\/www.mehlkammer.de\/mehlkammer\/wp-json\/wp\/v2\/media?parent=1015"}],"curies":[{"name":"wp","href":"https:\/\/api.w.org\/{rel}","templated":true}]}}

<p style="text-align: left;">Unser seit mehreren Generationen geführtes und zukunftsorientiertes Familienunternehmen umfasst neben klassischem Ackerbau noch Sonderkulturen wie Spargel, Kirschen und Heidelbeeren. Dazu gehören ein Hofcafé und Restaurant, eine Direktvermarktung sowie eine traditionsreiche Pferdezucht mit angeschlossenem Ausbildungs-, Beritt- und Pensionsbetrieb für Pferde.</p>
<p style="text-align: left;">
<p style="text-align: left;"><strong>Wir suchen nächstmöglichen Zeitpunkt eine/n engagierte/n und kommunikationsstarken/n</strong></p>
<h1 style="text-align: left;"><span style="color: #b30b0b;"><strong>Agrar-Büro-Manager (m/w/d)</strong></span></h1>
<p style="text-align: left;"><strong>auf 450,- € &#8211; Basis bzw. Teilzeit mit der Option auf Intensivierung.</strong></p>
<hr class="progression-hr"></hr>
<p><strong>Ihre Aufgaben:</strong></p>
<ul>
<li>Vorbereitung der Buchhaltung sowie die Lohnbuchhaltung</li>
<li>Beantworten von Emails, Telefonaten und Führen von Kundengesprächen; Kundenakquise</li>
<li>Erstellen von Dokumenten (Verträge, Tabellen, Präsentationen, kleinere Projektarbeiten)</li>
<li>Vorbereitung und Durchführung kleinerer Projekte (inkl. Recherchen, usw.)</li>
<li>Mieterbetreuung und –abwicklung</li>
</ul>
<p><strong>Wir erwarten:</strong></p>
<ul>
<li>Erfolgreich abgeschlossene Berufsausbildung z.B. als Bürokaufmann/-frau oder Vergleichbares</li>
<li>Berufserfahrung im landwirtschaftlichen Bereich erwünscht</li>
<li>Sehr gute MS Office Kenntnisse, spez. Word, Excel, Power Point; Access erwünscht</li>
<li>Gute allgemeine Computer-Kenntnisse</li>
<li>Gute Auffassungsgabe, strukturierte Arbeitsweise und Organisationstalent</li>
</ul>
<p><strong>Wir bieten:</strong></p>
<ul>
<li>Eine faire, den Fähigkeiten angemessene Bezahlung</li>
<li>Ein familiäres Arbeitsumfeld</li>
<li>Gute und solide Einarbeitung</li>
<li>Fortbildungsmöglichkeiten sind erwünscht und werden unterstützt</li>
<li>Abwechslungsreiche und vielseitige Arbeitsbereiche</li>
<li>langfristiges Angestelltenverhältnis erwünscht</li>
<li>Flexibilität in der Arbeitszeitgestaltung</li>
</ul>

<p>Unser seit mehreren Generationen geführtes und zukunftsorientiertes Familienunternehmen umfasst neben klassischem Ackerbau noch Sonderkulturen wie Spargel, Kirschen und Heidelbeeren. Dazu gehören ein Hofcafé und Restaurant, eine Direktvermarktung sowie eine traditionsreiche Pferdezucht mit angeschlossenem Ausbildungs-, Beritt- und Pensionsbetrieb für Pferde. Wir suchen nächstmöglichen Zeitpunkt eine/n engagierte/n und kommunikationsstarken/n Agrar-Büro-Manager (m/w/d) auf 450,- € &#8211; Basis bzw. [&hellip;]</p>

<!-- This site is optimized with the Yoast SEO plugin v20.0 - https://yoast.com/wordpress/plugins/seo/ -->
<title>Jobs - Die Mehlkammer</title>
<meta name="description" content="Wir suchen Verstärkung für unser Team. Koch/Köchin in Teil oder Vollzeit. Küchenhilfe Teil oder Vollzeit Bewerbung per Post, Mail oder einfach ..." />
<meta name="robots" content="index, follow, max-snippet:-1, max-image-preview:large, max-video-preview:-1" />
<link rel="canonical" href="https://www.mehlkammer.de/mehlkammer/jobs/" />
<meta property="og:locale" content="de_DE" />
<meta property="og:type" content="article" />
<meta property="og:title" content="Jobs - Die Mehlkammer" />
<meta property="og:description" content="Wir suchen Verstärkung für unser Team. Koch/Köchin in Teil oder Vollzeit. Küchenhilfe Teil oder Vollzeit Bewerbung per Post, Mail oder einfach ..." />
<meta property="og:url" content="https://www.mehlkammer.de/mehlkammer/jobs/" />
<meta property="article:modified_time" content="2019-01-29T10:25:01+00:00" />
<meta property="og:image" content="https://www.mehlkammer.de/mehlkammer/wp-content/uploads/2015/02/mehlkammer_banner1.jpg" />
	<meta property="og:image:width" content="2000" />
	<meta property="og:image:height" content="925" />
	<meta property="og:image:type" content="image/jpeg" />
<meta name="twitter:label1" content="Geschätzte Lesezeit" />
	<meta name="twitter:data1" content="1 Minute" />
<script type="application/ld+json" class="yoast-schema-graph">{"@context":"https://schema.org","@graph":[{"@type":"WebPage","@id":"https://www.mehlkammer.de/mehlkammer/jobs/","url":"https://www.mehlkammer.de/mehlkammer/jobs/","name":"Jobs - Die Mehlkammer","isPartOf":{"@id":"https://www.mehlkammer.de/mehlkammer/#website"},"datePublished":"2015-02-23T15:06:21+00:00","dateModified":"2019-01-29T10:25:01+00:00","description":"Wir suchen Verstärkung für unser Team. Koch/Köchin in Teil oder Vollzeit. Küchenhilfe Teil oder Vollzeit Bewerbung per Post, Mail oder einfach ...","breadcrumb":{"@id":"https://www.mehlkammer.de/mehlkammer/jobs/#breadcrumb"},"inLanguage":"de","potentialAction":[{"@type":"ReadAction","target":["https://www.mehlkammer.de/mehlkammer/jobs/"]}]},{"@type":"BreadcrumbList","@id":"https://www.mehlkammer.de/mehlkammer/jobs/#breadcrumb","itemListElement":[{"@type":"ListItem","position":1,"name":"Home","item":"https://www.mehlkammer.de/mehlkammer/"},{"@type":"ListItem","position":2,"name":"Jobs"}]},{"@type":"WebSite","@id":"https://www.mehlkammer.de/mehlkammer/#website","url":"https://www.mehlkammer.de/mehlkammer/","name":"","description":"","potentialAction":[{"@type":"SearchAction","target":{"@type":"EntryPoint","urlTemplate":"https://www.mehlkammer.de/mehlkammer/?s={search_term_string}"},"query-input":"required name=search_term_string"}],"inLanguage":"de"}]}</script>
<!-- / Yoast SEO plugin. -->

Wir suchen Verstärkung für unser Team. Koch/Köchin in Teil oder Vollzeit. Küchenhilfe Teil oder Vollzeit Bewerbung per Post, Mail oder einfach ...
