{"id":179,"date":"2014-02-07T16:07:19","date_gmt":"2014-02-07T14:07:19","guid":{"rendered":"http:\/\/www.mehlkammer.de\/mehlkammer\/?page_id=179"},"modified":"2025-04-10T11:51:25","modified_gmt":"2025-04-10T09:51:25","slug":"spargelscheune","status":"publish","type":"page","link":"https:\/\/www.mehlkammer.de\/mehlkammer\/spargelscheune\/","title":{"rendered":"Spargelscheune"},"content":{"rendered":"<p><div class=\"grid2column\"><a href=\"https:\/\/www.mehlkammer.de\/mehlkammer\/wp-content\/uploads\/2014\/02\/spargelscheune2016.jpg\"><img loading=\"lazy\" class=\"alignleft wp-image-1268 size-full\" src=\"https:\/\/www.mehlkammer.de\/mehlkammer\/wp-content\/uploads\/2014\/02\/spargelscheune2016.jpg\" alt=\"\" width=\"650\" height=\"350\" srcset=\"https:\/\/www.mehlkammer.de\/mehlkammer\/wp-content\/uploads\/2014\/02\/spargelscheune2016.jpg 650w, https:\/\/www.mehlkammer.de\/mehlkammer\/wp-content\/uploads\/2014\/02\/spargelscheune2016-300x162.jpg 300w\" sizes=\"(max-width: 650px) 100vw, 650px\" \/><\/a><\/div><div class=\"grid2column lastcolumn\"><\/p>\n<h2><span style=\"color: #b81317;\"><strong>Unsere Spargelscheune<\/strong><\/span><\/h2>\n<h4>&#8211; um 1700 erbaut<span style=\"color: #888888;\"><br \/>\n<\/span><\/h4>\n<hr class=\"progression-hr\"><\/hr>\n<p>Die rustikale Spargelscheune wurde um 1700 erbaut und pr\u00e4gt ein St\u00fcck Geschichte in Eickeloh. Damals war die Scheune eine alte Poststation, in der Pferde f\u00fcr Kutschfahrten ausgewechselt wurden.<\/p>\n<p>Heute bietet die Spargelscheune mit dem rustikalen Charme einen k\u00f6stlichen Treffpunkt f\u00fcr Jung und Alt.\u00a0 Ab der Spargelsaison wird die Scheune beheizt.<\/div><div class=\"clearfix\"><\/div><\/p>\n<div class=\"grid2column\">\n<hr class=\"progression-hr\"><\/hr>\n<h2><strong><span style=\"color: #b81317;\">Feiern in der Spargelscheune<\/span><br \/>\n<\/strong><\/h2>\n<h4>&#8211; Platz f\u00fcr ca. 150 Personen<\/h4>\n<hr class=\"progression-hr\"><\/hr>\n<p><span style=\"color: #cd131e;\"><strong>Unser Tipp: <\/strong><strong>Familienfeiern, Hochzeiten, Geburtstag\u2026 mal anders<\/strong><\/span><\/p>\n<p>In der Mehlkammer bis 70 Personen und i<\/strong><strong>n der Spargelscheune bis 150 Personen &#8211; in festlicher Atmosph\u00e4re. Gerne richten wir Spargelessen auch zur anderen Zeiten aus: <\/strong><strong>f\u00fcr Gruppen, Familie oder Freunde. Sprechen Sie uns an!<\/strong><\/p>\n<p><\/div><div class=\"grid2column lastcolumn\"><img loading=\"lazy\" class=\"alignleft wp-image-1130 size-full\" src=\"https:\/\/www.mehlkammer.de\/mehlkammer\/wp-content\/uploads\/2015\/08\/spargelscheune-2015-1.jpg\" alt=\"\" width=\"650\" height=\"350\" srcset=\"https:\/\/www.mehlkammer.de\/mehlkammer\/wp-content\/uploads\/2015\/08\/spargelscheune-2015-1.jpg 650w, https:\/\/www.mehlkammer.de\/mehlkammer\/wp-content\/uploads\/2015\/08\/spargelscheune-2015-1-300x162.jpg 300w\" sizes=\"(max-width: 650px) 100vw, 650px\" \/><\/div><div class=\"clearfix\"><\/div><\/p>\n<div class=\"grid2column\">\n<h2><span style=\"color: #b81317;\"><strong>\u00d6ffnungszeiten in der Spargelsaison<\/strong><\/span><\/h2>\n<hr class=\"progression-hr\"><\/hr>\n<p>Wir feiern 10 Jahre Spargelscheune.<\/p>\n<p>Jeden Sonntag von 12:00Uhr \u2013 14:00Uhr Uhr und 17:30Uhr \u2013 20:00Uhr findet unser Spargelbuffet statt.<\/p>\n<p>Es erwartet Sie ein klassisches Sparbelbuffet. Zur Vorspeise bieten wir eine feine Spargelcremesuppe an. Zum Hauptgang erwartet Sie Spargel mit Schnitzel, Schinken, R\u00fchrei, Kartoffeln, Hollandaise und Butter. Ein leckeres Dessert rundet das Buffet ab. Das Buffet kostet 35,50\u20ac pro Person.<\/p>\n<p>Ab Ostern ist unsere Spargelscheune jedes Wochenende f\u00fcr Sie ge\u00f6ffnet \u2013 <strong>reservieren Sie jetzt ganz einfach \u00fcber unser Formular!<\/strong><\/p>\n<p><\/div><div class=\"grid2column lastcolumn\"><\/p>\n<div id=\"resmio-scheune\"><\/div>\n<p><script>(function(d, s) {\n    var js, rjs = d.getElementsByTagName(s)[0];\n    js = d.createElement(s);\n    js.src = \"\/\/static.resmio.com\/static\/de\/widget.js#id=scheune&height=460&width=330&fontSize=14px\";\n    rjs.parentNode.insertBefore(js, rjs);\n}(document, \"script\"));\n<\/script><br \/>\n<\/div><div class=\"clearfix\"><\/div><\/p>\n","protected":false},"excerpt":{"rendered":"","protected":false},"author":4,"featured_media":1008,"parent":0,"menu_order":0,"comment_status":"open","ping_status":"open","template":"","meta":[],"yoast_head":"<!-- This site is optimized with the Yoast SEO plugin v20.0 - https:\/\/yoast.com\/wordpress\/plugins\/seo\/ -->\n<title>Spargelscheune - Die Mehlkammer<\/title>\n<meta name=\"description\" content=\"Die rustikale Spargelscheune l\u00e4dt zum l\u00e4ndlichen Spargelschmaus ein. Im gem\u00fctlichen Ambiente ist der hofeigene Spargel ein wahrer Genuss.\" \/>\n<meta name=\"robots\" content=\"index, follow, max-snippet:-1, max-image-preview:large, max-video-preview:-1\" \/>\n<link rel=\"canonical\" href=\"https:\/\/www.mehlkammer.de\/mehlkammer\/spargelscheune\/\" \/>\n<meta property=\"og:locale\" content=\"de_DE\" \/>\n<meta property=\"og:type\" content=\"article\" \/>\n<meta property=\"og:title\" content=\"Spargelscheune - Die Mehlkammer\" \/>\n<meta property=\"og:description\" content=\"Die rustikale Spargelscheune l\u00e4dt zum l\u00e4ndlichen Spargelschmaus ein. Im gem\u00fctlichen Ambiente ist der hofeigene Spargel ein wahrer Genuss.\" \/>\n<meta property=\"og:url\" content=\"https:\/\/www.mehlkammer.de\/mehlkammer\/spargelscheune\/\" \/>\n<meta property=\"article:modified_time\" content=\"2025-04-10T09:51:25+00:00\" \/>\n<meta property=\"og:image\" content=\"https:\/\/www.mehlkammer.de\/mehlkammer\/wp-content\/uploads\/2015\/02\/spargelscheune_sliderbanner1.jpg\" \/>\n\t<meta property=\"og:image:width\" content=\"2000\" \/>\n\t<meta property=\"og:image:height\" content=\"925\" \/>\n\t<meta property=\"og:image:type\" content=\"image\/jpeg\" \/>\n<meta name=\"twitter:label1\" content=\"Gesch\u00e4tzte Lesezeit\" \/>\n\t<meta name=\"twitter:data1\" content=\"2\u00a0Minuten\" \/>\n<script type=\"application\/ld+json\" class=\"yoast-schema-graph\">{\"@context\":\"https:\/\/schema.org\",\"@graph\":[{\"@type\":\"WebPage\",\"@id\":\"https:\/\/www.mehlkammer.de\/mehlkammer\/spargelscheune\/\",\"url\":\"https:\/\/www.mehlkammer.de\/mehlkammer\/spargelscheune\/\",\"name\":\"Spargelscheune - Die Mehlkammer\",\"isPartOf\":{\"@id\":\"https:\/\/www.mehlkammer.de\/mehlkammer\/#website\"},\"datePublished\":\"2014-02-07T14:07:19+00:00\",\"dateModified\":\"2025-04-10T09:51:25+00:00\",\"description\":\"Die rustikale Spargelscheune l\u00e4dt zum l\u00e4ndlichen Spargelschmaus ein. Im gem\u00fctlichen Ambiente ist der hofeigene Spargel ein wahrer Genuss.\",\"breadcrumb\":{\"@id\":\"https:\/\/www.mehlkammer.de\/mehlkammer\/spargelscheune\/#breadcrumb\"},\"inLanguage\":\"de\",\"potentialAction\":[{\"@type\":\"ReadAction\",\"target\":[\"https:\/\/www.mehlkammer.de\/mehlkammer\/spargelscheune\/\"]}]},{\"@type\":\"BreadcrumbList\",\"@id\":\"https:\/\/www.mehlkammer.de\/mehlkammer\/spargelscheune\/#breadcrumb\",\"itemListElement\":[{\"@type\":\"ListItem\",\"position\":1,\"name\":\"Home\",\"item\":\"https:\/\/www.mehlkammer.de\/mehlkammer\/\"},{\"@type\":\"ListItem\",\"position\":2,\"name\":\"Spargelscheune\"}]},{\"@type\":\"WebSite\",\"@id\":\"https:\/\/www.mehlkammer.de\/mehlkammer\/#website\",\"url\":\"https:\/\/www.mehlkammer.de\/mehlkammer\/\",\"name\":\"\",\"description\":\"\",\"potentialAction\":[{\"@type\":\"SearchAction\",\"target\":{\"@type\":\"EntryPoint\",\"urlTemplate\":\"https:\/\/www.mehlkammer.de\/mehlkammer\/?s={search_term_string}\"},\"query-input\":\"required name=search_term_string\"}],\"inLanguage\":\"de\"}]}<\/script>\n<!-- \/ Yoast SEO plugin. -->","yoast_head_json":{"title":"Spargelscheune - Die Mehlkammer","description":"Die rustikale Spargelscheune l\u00e4dt zum l\u00e4ndlichen Spargelschmaus ein. Im gem\u00fctlichen Ambiente ist der hofeigene Spargel ein wahrer Genuss.","robots":{"index":"index","follow":"follow","max-snippet":"max-snippet:-1","max-image-preview":"max-image-preview:large","max-video-preview":"max-video-preview:-1"},"canonical":"https:\/\/www.mehlkammer.de\/mehlkammer\/spargelscheune\/","og_locale":"de_DE","og_type":"article","og_title":"Spargelscheune - Die Mehlkammer","og_description":"Die rustikale Spargelscheune l\u00e4dt zum l\u00e4ndlichen Spargelschmaus ein. Im gem\u00fctlichen Ambiente ist der hofeigene Spargel ein wahrer Genuss.","og_url":"https:\/\/www.mehlkammer.de\/mehlkammer\/spargelscheune\/","article_modified_time":"2025-04-10T09:51:25+00:00","og_image":[{"width":2000,"height":925,"url":"https:\/\/www.mehlkammer.de\/mehlkammer\/wp-content\/uploads\/2015\/02\/spargelscheune_sliderbanner1.jpg","type":"image\/jpeg"}],"twitter_misc":{"Gesch\u00e4tzte Lesezeit":"2\u00a0Minuten"},"schema":{"@context":"https:\/\/schema.org","@graph":[{"@type":"WebPage","@id":"https:\/\/www.mehlkammer.de\/mehlkammer\/spargelscheune\/","url":"https:\/\/www.mehlkammer.de\/mehlkammer\/spargelscheune\/","name":"Spargelscheune - Die Mehlkammer","isPartOf":{"@id":"https:\/\/www.mehlkammer.de\/mehlkammer\/#website"},"datePublished":"2014-02-07T14:07:19+00:00","dateModified":"2025-04-10T09:51:25+00:00","description":"Die rustikale Spargelscheune l\u00e4dt zum l\u00e4ndlichen Spargelschmaus ein. Im gem\u00fctlichen Ambiente ist der hofeigene Spargel ein wahrer Genuss.","breadcrumb":{"@id":"https:\/\/www.mehlkammer.de\/mehlkammer\/spargelscheune\/#breadcrumb"},"inLanguage":"de","potentialAction":[{"@type":"ReadAction","target":["https:\/\/www.mehlkammer.de\/mehlkammer\/spargelscheune\/"]}]},{"@type":"BreadcrumbList","@id":"https:\/\/www.mehlkammer.de\/mehlkammer\/spargelscheune\/#breadcrumb","itemListElement":[{"@type":"ListItem","position":1,"name":"Home","item":"https:\/\/www.mehlkammer.de\/mehlkammer\/"},{"@type":"ListItem","position":2,"name":"Spargelscheune"}]},{"@type":"WebSite","@id":"https:\/\/www.mehlkammer.de\/mehlkammer\/#website","url":"https:\/\/www.mehlkammer.de\/mehlkammer\/","name":"","description":"","potentialAction":[{"@type":"SearchAction","target":{"@type":"EntryPoint","urlTemplate":"https:\/\/www.mehlkammer.de\/mehlkammer\/?s={search_term_string}"},"query-input":"required name=search_term_string"}],"inLanguage":"de"}]}},"_links":{"self":[{"href":"https:\/\/www.mehlkammer.de\/mehlkammer\/wp-json\/wp\/v2\/pages\/179"}],"collection":[{"href":"https:\/\/www.mehlkammer.de\/mehlkammer\/wp-json\/wp\/v2\/pages"}],"about":[{"href":"https:\/\/www.mehlkammer.de\/mehlkammer\/wp-json\/wp\/v2\/types\/page"}],"author":[{"embeddable":true,"href":"https:\/\/www.mehlkammer.de\/mehlkammer\/wp-json\/wp\/v2\/users\/4"}],"replies":[{"embeddable":true,"href":"https:\/\/www.mehlkammer.de\/mehlkammer\/wp-json\/wp\/v2\/comments?post=179"}],"version-history":[{"count":34,"href":"https:\/\/www.mehlkammer.de\/mehlkammer\/wp-json\/wp\/v2\/pages\/179\/revisions"}],"predecessor-version":[{"id":2156,"href":"https:\/\/www.mehlkammer.de\/mehlkammer\/wp-json\/wp\/v2\/pages\/179\/revisions\/2156"}],"wp:featuredmedia":[{"embeddable":true,"href":"https:\/\/www.mehlkammer.de\/mehlkammer\/wp-json\/wp\/v2\/media\/1008"}],"wp:attachment":[{"href":"https:\/\/www.mehlkammer.de\/mehlkammer\/wp-json\/wp\/v2\/media?parent=179"}],"curies":[{"name":"wp","href":"https:\/\/api.w.org\/{rel}","templated":true}]}}

<p><div class="grid2column"><a href="https://www.mehlkammer.de/mehlkammer/wp-content/uploads/2014/02/spargelscheune2016.jpg"><img loading="lazy" class="alignleft wp-image-1268 size-full" src="https://www.mehlkammer.de/mehlkammer/wp-content/uploads/2014/02/spargelscheune2016.jpg" alt="" width="650" height="350" srcset="https://www.mehlkammer.de/mehlkammer/wp-content/uploads/2014/02/spargelscheune2016.jpg 650w, https://www.mehlkammer.de/mehlkammer/wp-content/uploads/2014/02/spargelscheune2016-300x162.jpg 300w" sizes="(max-width: 650px) 100vw, 650px" /></a></div><div class="grid2column lastcolumn"></p>
<h2><span style="color: #b81317;"><strong>Unsere Spargelscheune</strong></span></h2>
<h4>&#8211; um 1700 erbaut<span style="color: #888888;"><br />
</span></h4>
<hr class="progression-hr"></hr>
<p>Die rustikale Spargelscheune wurde um 1700 erbaut und prägt ein Stück Geschichte in Eickeloh. Damals war die Scheune eine alte Poststation, in der Pferde für Kutschfahrten ausgewechselt wurden.</p>
<p>Heute bietet die Spargelscheune mit dem rustikalen Charme einen köstlichen Treffpunkt für Jung und Alt.  Ab der Spargelsaison wird die Scheune beheizt.</div><div class="clearfix"></div></p>
<div class="grid2column">
<hr class="progression-hr"></hr>
<h2><strong><span style="color: #b81317;">Feiern in der Spargelscheune</span><br />
</strong></h2>
<h4>&#8211; Platz für ca. 150 Personen</h4>
<hr class="progression-hr"></hr>
<p><span style="color: #cd131e;"><strong>Unser Tipp: </strong><strong>Familienfeiern, Hochzeiten, Geburtstag… mal anders</strong></span></p>
<p>In der Mehlkammer bis 70 Personen und i</strong><strong>n der Spargelscheune bis 150 Personen &#8211; in festlicher Atmosphäre. Gerne richten wir Spargelessen auch zur anderen Zeiten aus: </strong><strong>für Gruppen, Familie oder Freunde. Sprechen Sie uns an!</strong></p>
<p></div><div class="grid2column lastcolumn"><img loading="lazy" class="alignleft wp-image-1130 size-full" src="https://www.mehlkammer.de/mehlkammer/wp-content/uploads/2015/08/spargelscheune-2015-1.jpg" alt="" width="650" height="350" srcset="https://www.mehlkammer.de/mehlkammer/wp-content/uploads/2015/08/spargelscheune-2015-1.jpg 650w, https://www.mehlkammer.de/mehlkammer/wp-content/uploads/2015/08/spargelscheune-2015-1-300x162.jpg 300w" sizes="(max-width: 650px) 100vw, 650px" /></div><div class="clearfix"></div></p>
<div class="grid2column">
<h2><span style="color: #b81317;"><strong>Öffnungszeiten in der Spargelsaison</strong></span></h2>
<hr class="progression-hr"></hr>
<p>Wir feiern 10 Jahre Spargelscheune.</p>
<p>Jeden Sonntag von 12:00Uhr – 14:00Uhr Uhr und 17:30Uhr – 20:00Uhr findet unser Spargelbuffet statt.</p>
<p>Es erwartet Sie ein klassisches Sparbelbuffet. Zur Vorspeise bieten wir eine feine Spargelcremesuppe an. Zum Hauptgang erwartet Sie Spargel mit Schnitzel, Schinken, Rührei, Kartoffeln, Hollandaise und Butter. Ein leckeres Dessert rundet das Buffet ab. Das Buffet kostet 35,50€ pro Person.</p>
<p>Ab Ostern ist unsere Spargelscheune jedes Wochenende für Sie geöffnet – <strong>reservieren Sie jetzt ganz einfach über unser Formular!</strong></p>
<p></div><div class="grid2column lastcolumn"></p>
<div id="resmio-scheune"></div>
<p><script>(function(d, s) {
    var js, rjs = d.getElementsByTagName(s)[0];
    js = d.createElement(s);
    js.src = "//static.resmio.com/static/de/widget.js#id=scheune&height=460&width=330&fontSize=14px";
    rjs.parentNode.insertBefore(js, rjs);
}(document, "script"));
</script><br />
</div><div class="clearfix"></div></p>

<!-- This site is optimized with the Yoast SEO plugin v20.0 - https://yoast.com/wordpress/plugins/seo/ -->
<title>Spargelscheune - Die Mehlkammer</title>
<meta name="description" content="Die rustikale Spargelscheune lädt zum ländlichen Spargelschmaus ein. Im gemütlichen Ambiente ist der hofeigene Spargel ein wahrer Genuss." />
<meta name="robots" content="index, follow, max-snippet:-1, max-image-preview:large, max-video-preview:-1" />
<link rel="canonical" href="https://www.mehlkammer.de/mehlkammer/spargelscheune/" />
<meta property="og:locale" content="de_DE" />
<meta property="og:type" content="article" />
<meta property="og:title" content="Spargelscheune - Die Mehlkammer" />
<meta property="og:description" content="Die rustikale Spargelscheune lädt zum ländlichen Spargelschmaus ein. Im gemütlichen Ambiente ist der hofeigene Spargel ein wahrer Genuss." />
<meta property="og:url" content="https://www.mehlkammer.de/mehlkammer/spargelscheune/" />
<meta property="article:modified_time" content="2025-04-10T09:51:25+00:00" />
<meta property="og:image" content="https://www.mehlkammer.de/mehlkammer/wp-content/uploads/2015/02/spargelscheune_sliderbanner1.jpg" />
	<meta property="og:image:width" content="2000" />
	<meta property="og:image:height" content="925" />
	<meta property="og:image:type" content="image/jpeg" />
<meta name="twitter:label1" content="Geschätzte Lesezeit" />
	<meta name="twitter:data1" content="2 Minuten" />
<script type="application/ld+json" class="yoast-schema-graph">{"@context":"https://schema.org","@graph":[{"@type":"WebPage","@id":"https://www.mehlkammer.de/mehlkammer/spargelscheune/","url":"https://www.mehlkammer.de/mehlkammer/spargelscheune/","name":"Spargelscheune - Die Mehlkammer","isPartOf":{"@id":"https://www.mehlkammer.de/mehlkammer/#website"},"datePublished":"2014-02-07T14:07:19+00:00","dateModified":"2025-04-10T09:51:25+00:00","description":"Die rustikale Spargelscheune lädt zum ländlichen Spargelschmaus ein. Im gemütlichen Ambiente ist der hofeigene Spargel ein wahrer Genuss.","breadcrumb":{"@id":"https://www.mehlkammer.de/mehlkammer/spargelscheune/#breadcrumb"},"inLanguage":"de","potentialAction":[{"@type":"ReadAction","target":["https://www.mehlkammer.de/mehlkammer/spargelscheune/"]}]},{"@type":"BreadcrumbList","@id":"https://www.mehlkammer.de/mehlkammer/spargelscheune/#breadcrumb","itemListElement":[{"@type":"ListItem","position":1,"name":"Home","item":"https://www.mehlkammer.de/mehlkammer/"},{"@type":"ListItem","position":2,"name":"Spargelscheune"}]},{"@type":"WebSite","@id":"https://www.mehlkammer.de/mehlkammer/#website","url":"https://www.mehlkammer.de/mehlkammer/","name":"","description":"","potentialAction":[{"@type":"SearchAction","target":{"@type":"EntryPoint","urlTemplate":"https://www.mehlkammer.de/mehlkammer/?s={search_term_string}"},"query-input":"required name=search_term_string"}],"inLanguage":"de"}]}</script>
<!-- / Yoast SEO plugin. -->

Die rustikale Spargelscheune lädt zum ländlichen Spargelschmaus ein. Im gemütlichen Ambiente ist der hofeigene Spargel ein wahrer Genuss.
