{"id":182,"date":"2014-02-07T16:11:19","date_gmt":"2014-02-07T14:11:19","guid":{"rendered":"http:\/\/www.mehlkammer.de\/mehlkammer\/?page_id=182"},"modified":"2015-02-02T12:02:34","modified_gmt":"2015-02-02T10:02:34","slug":"hofeigenes","status":"publish","type":"page","link":"https:\/\/www.mehlkammer.de\/mehlkammer\/hofeigenes\/","title":{"rendered":"Hofeigenes"},"content":{"rendered":"<p><div class=\"grid2column\"><a href=\"http:\/\/www.hogrefe-eickeloh.de\"><img loading=\"lazy\" class=\"alignleft size-full wp-image-642\" alt=\"hofeigenes_hogrefe_anbau\" src=\"https:\/\/www.mehlkammer.de\/mehlkammer\/wp-content\/uploads\/2014\/02\/hofeigenes_hogrefe_anbau.png\" width=\"650\" height=\"350\" srcset=\"https:\/\/www.mehlkammer.de\/mehlkammer\/wp-content\/uploads\/2014\/02\/hofeigenes_hogrefe_anbau.png 650w, https:\/\/www.mehlkammer.de\/mehlkammer\/wp-content\/uploads\/2014\/02\/hofeigenes_hogrefe_anbau-300x161.png 300w\" sizes=\"(max-width: 650px) 100vw, 650px\" \/><\/a><\/div><div class=\"grid2column lastcolumn\"><\/p>\n<h2><strong><span style=\"color: #b81317;\">Hogrefe &#8211; Tradition &amp; Qualit\u00e4t<\/span><br \/>\n<\/strong><\/h2>\n<h4>Hochgenuss von den eigenen Feldern<\/h4>\n<hr class=\"progression-hr\"><\/hr>\n<p>F\u00fcr die l\u00e4ndlichen Spezialit\u00e4ten werden frische, qualitativ hochwertige Rohprodukte aus hofeigenem Anbau verwendet:<\/p>\n<p>Spargel, Erdbeeren, Heidelbeeren und Kirschen werden saisonal in die Speisekarte eingebunden und versprechen einen gesunden und regionalen Genuss.<\/p>\n<p>&nbsp;<\/p>\n<p><span><a href=\"http:\/\/www.hogrefe-eickeloh.de\" target=\"blank\" class=\"progression-medium progression-red\">Mehr \u00fcber den hofeigenen Anbau erfahren &gt;\u00a0 <\/a><\/span><\/div><div class=\"clearfix\"><\/div><\/p>\n<p>&nbsp;<\/p>\n<p>&nbsp;<\/p>\n<p>&nbsp;<\/p>\n","protected":false},"excerpt":{"rendered":"<p>&nbsp; &nbsp; &nbsp;<\/p>\n","protected":false},"author":4,"featured_media":1009,"parent":0,"menu_order":0,"comment_status":"open","ping_status":"open","template":"portfolio-2.php","meta":[],"yoast_head":"<!-- This site is optimized with the Yoast SEO plugin v20.0 - https:\/\/yoast.com\/wordpress\/plugins\/seo\/ -->\n<title>Hofeigenes - Die Mehlkammer<\/title>\n<meta name=\"description\" content=\"Der hofeigene Anbau der Mehlkammer beinhaltet frischen Spargel, saftige Erdbeeren, Heidelbeeren und Kirschen der Familie Hogrefe.\" \/>\n<meta name=\"robots\" content=\"index, follow, max-snippet:-1, max-image-preview:large, max-video-preview:-1\" \/>\n<link rel=\"canonical\" href=\"https:\/\/www.mehlkammer.de\/mehlkammer\/hofeigenes\/\" \/>\n<meta property=\"og:locale\" content=\"de_DE\" \/>\n<meta property=\"og:type\" content=\"article\" \/>\n<meta property=\"og:title\" content=\"Hofeigenes - Die Mehlkammer\" \/>\n<meta property=\"og:description\" content=\"Der hofeigene Anbau der Mehlkammer beinhaltet frischen Spargel, saftige Erdbeeren, Heidelbeeren und Kirschen der Familie Hogrefe.\" \/>\n<meta property=\"og:url\" content=\"https:\/\/www.mehlkammer.de\/mehlkammer\/hofeigenes\/\" \/>\n<meta property=\"article:modified_time\" content=\"2015-02-02T10:02:34+00:00\" \/>\n<meta property=\"og:image\" content=\"https:\/\/www.mehlkammer.de\/mehlkammer\/wp-content\/uploads\/2014\/02\/anbau_banner1.jpg\" \/>\n\t<meta property=\"og:image:width\" content=\"2000\" \/>\n\t<meta property=\"og:image:height\" content=\"925\" \/>\n\t<meta property=\"og:image:type\" content=\"image\/jpeg\" \/>\n<script type=\"application\/ld+json\" class=\"yoast-schema-graph\">{\"@context\":\"https:\/\/schema.org\",\"@graph\":[{\"@type\":\"WebPage\",\"@id\":\"https:\/\/www.mehlkammer.de\/mehlkammer\/hofeigenes\/\",\"url\":\"https:\/\/www.mehlkammer.de\/mehlkammer\/hofeigenes\/\",\"name\":\"Hofeigenes - Die Mehlkammer\",\"isPartOf\":{\"@id\":\"https:\/\/www.mehlkammer.de\/mehlkammer\/#website\"},\"datePublished\":\"2014-02-07T14:11:19+00:00\",\"dateModified\":\"2015-02-02T10:02:34+00:00\",\"description\":\"Der hofeigene Anbau der Mehlkammer beinhaltet frischen Spargel, saftige Erdbeeren, Heidelbeeren und Kirschen der Familie Hogrefe.\",\"breadcrumb\":{\"@id\":\"https:\/\/www.mehlkammer.de\/mehlkammer\/hofeigenes\/#breadcrumb\"},\"inLanguage\":\"de\",\"potentialAction\":[{\"@type\":\"ReadAction\",\"target\":[\"https:\/\/www.mehlkammer.de\/mehlkammer\/hofeigenes\/\"]}]},{\"@type\":\"BreadcrumbList\",\"@id\":\"https:\/\/www.mehlkammer.de\/mehlkammer\/hofeigenes\/#breadcrumb\",\"itemListElement\":[{\"@type\":\"ListItem\",\"position\":1,\"name\":\"Home\",\"item\":\"https:\/\/www.mehlkammer.de\/mehlkammer\/\"},{\"@type\":\"ListItem\",\"position\":2,\"name\":\"Hofeigenes\"}]},{\"@type\":\"WebSite\",\"@id\":\"https:\/\/www.mehlkammer.de\/mehlkammer\/#website\",\"url\":\"https:\/\/www.mehlkammer.de\/mehlkammer\/\",\"name\":\"\",\"description\":\"\",\"potentialAction\":[{\"@type\":\"SearchAction\",\"target\":{\"@type\":\"EntryPoint\",\"urlTemplate\":\"https:\/\/www.mehlkammer.de\/mehlkammer\/?s={search_term_string}\"},\"query-input\":\"required name=search_term_string\"}],\"inLanguage\":\"de\"}]}<\/script>\n<!-- \/ Yoast SEO plugin. -->","yoast_head_json":{"title":"Hofeigenes - Die Mehlkammer","description":"Der hofeigene Anbau der Mehlkammer beinhaltet frischen Spargel, saftige Erdbeeren, Heidelbeeren und Kirschen der Familie Hogrefe.","robots":{"index":"index","follow":"follow","max-snippet":"max-snippet:-1","max-image-preview":"max-image-preview:large","max-video-preview":"max-video-preview:-1"},"canonical":"https:\/\/www.mehlkammer.de\/mehlkammer\/hofeigenes\/","og_locale":"de_DE","og_type":"article","og_title":"Hofeigenes - Die Mehlkammer","og_description":"Der hofeigene Anbau der Mehlkammer beinhaltet frischen Spargel, saftige Erdbeeren, Heidelbeeren und Kirschen der Familie Hogrefe.","og_url":"https:\/\/www.mehlkammer.de\/mehlkammer\/hofeigenes\/","article_modified_time":"2015-02-02T10:02:34+00:00","og_image":[{"width":2000,"height":925,"url":"https:\/\/www.mehlkammer.de\/mehlkammer\/wp-content\/uploads\/2014\/02\/anbau_banner1.jpg","type":"image\/jpeg"}],"schema":{"@context":"https:\/\/schema.org","@graph":[{"@type":"WebPage","@id":"https:\/\/www.mehlkammer.de\/mehlkammer\/hofeigenes\/","url":"https:\/\/www.mehlkammer.de\/mehlkammer\/hofeigenes\/","name":"Hofeigenes - Die Mehlkammer","isPartOf":{"@id":"https:\/\/www.mehlkammer.de\/mehlkammer\/#website"},"datePublished":"2014-02-07T14:11:19+00:00","dateModified":"2015-02-02T10:02:34+00:00","description":"Der hofeigene Anbau der Mehlkammer beinhaltet frischen Spargel, saftige Erdbeeren, Heidelbeeren und Kirschen der Familie Hogrefe.","breadcrumb":{"@id":"https:\/\/www.mehlkammer.de\/mehlkammer\/hofeigenes\/#breadcrumb"},"inLanguage":"de","potentialAction":[{"@type":"ReadAction","target":["https:\/\/www.mehlkammer.de\/mehlkammer\/hofeigenes\/"]}]},{"@type":"BreadcrumbList","@id":"https:\/\/www.mehlkammer.de\/mehlkammer\/hofeigenes\/#breadcrumb","itemListElement":[{"@type":"ListItem","position":1,"name":"Home","item":"https:\/\/www.mehlkammer.de\/mehlkammer\/"},{"@type":"ListItem","position":2,"name":"Hofeigenes"}]},{"@type":"WebSite","@id":"https:\/\/www.mehlkammer.de\/mehlkammer\/#website","url":"https:\/\/www.mehlkammer.de\/mehlkammer\/","name":"","description":"","potentialAction":[{"@type":"SearchAction","target":{"@type":"EntryPoint","urlTemplate":"https:\/\/www.mehlkammer.de\/mehlkammer\/?s={search_term_string}"},"query-input":"required name=search_term_string"}],"inLanguage":"de"}]}},"_links":{"self":[{"href":"https:\/\/www.mehlkammer.de\/mehlkammer\/wp-json\/wp\/v2\/pages\/182"}],"collection":[{"href":"https:\/\/www.mehlkammer.de\/mehlkammer\/wp-json\/wp\/v2\/pages"}],"about":[{"href":"https:\/\/www.mehlkammer.de\/mehlkammer\/wp-json\/wp\/v2\/types\/page"}],"author":[{"embeddable":true,"href":"https:\/\/www.mehlkammer.de\/mehlkammer\/wp-json\/wp\/v2\/users\/4"}],"replies":[{"embeddable":true,"href":"https:\/\/www.mehlkammer.de\/mehlkammer\/wp-json\/wp\/v2\/comments?post=182"}],"version-history":[{"count":0,"href":"https:\/\/www.mehlkammer.de\/mehlkammer\/wp-json\/wp\/v2\/pages\/182\/revisions"}],"wp:featuredmedia":[{"embeddable":true,"href":"https:\/\/www.mehlkammer.de\/mehlkammer\/wp-json\/wp\/v2\/media\/1009"}],"wp:attachment":[{"href":"https:\/\/www.mehlkammer.de\/mehlkammer\/wp-json\/wp\/v2\/media?parent=182"}],"curies":[{"name":"wp","href":"https:\/\/api.w.org\/{rel}","templated":true}]}}

<p><div class="grid2column"><a href="http://www.hogrefe-eickeloh.de"><img loading="lazy" class="alignleft size-full wp-image-642" alt="hofeigenes_hogrefe_anbau" src="https://www.mehlkammer.de/mehlkammer/wp-content/uploads/2014/02/hofeigenes_hogrefe_anbau.png" width="650" height="350" srcset="https://www.mehlkammer.de/mehlkammer/wp-content/uploads/2014/02/hofeigenes_hogrefe_anbau.png 650w, https://www.mehlkammer.de/mehlkammer/wp-content/uploads/2014/02/hofeigenes_hogrefe_anbau-300x161.png 300w" sizes="(max-width: 650px) 100vw, 650px" /></a></div><div class="grid2column lastcolumn"></p>
<h2><strong><span style="color: #b81317;">Hogrefe &#8211; Tradition &amp; Qualität</span><br />
</strong></h2>
<h4>Hochgenuss von den eigenen Feldern</h4>
<hr class="progression-hr"></hr>
<p>Für die ländlichen Spezialitäten werden frische, qualitativ hochwertige Rohprodukte aus hofeigenem Anbau verwendet:</p>
<p>Spargel, Erdbeeren, Heidelbeeren und Kirschen werden saisonal in die Speisekarte eingebunden und versprechen einen gesunden und regionalen Genuss.</p>
<p>&nbsp;</p>
<p><span><a href="http://www.hogrefe-eickeloh.de" target="blank" class="progression-medium progression-red">Mehr über den hofeigenen Anbau erfahren &gt;  </a></span></div><div class="clearfix"></div></p>
<p>&nbsp;</p>
<p>&nbsp;</p>
<p>&nbsp;</p>
