{"id":258,"date":"2014-02-10T15:48:41","date_gmt":"2014-02-10T13:48:41","guid":{"rendered":"http:\/\/www.mehlkammer.de\/mehlkammer\/?page_id=258"},"modified":"2025-04-10T11:50:45","modified_gmt":"2025-04-10T09:50:45","slug":"hofcafe-restaurant","status":"publish","type":"page","link":"https:\/\/www.mehlkammer.de\/mehlkammer\/hofcafe-restaurant\/","title":{"rendered":"Hofcaf\u00e9 &#038; Restaurant"},"content":{"rendered":"<p><div class=\"grid2column\"><img loading=\"lazy\" class=\"alignnone size-full wp-image-293\" src=\"https:\/\/www.mehlkammer.de\/mehlkammer\/wp-content\/uploads\/2014\/02\/terrasse.png\" alt=\"terrasse\" width=\"650\" height=\"350\" srcset=\"https:\/\/www.mehlkammer.de\/mehlkammer\/wp-content\/uploads\/2014\/02\/terrasse.png 650w, https:\/\/www.mehlkammer.de\/mehlkammer\/wp-content\/uploads\/2014\/02\/terrasse-300x161.png 300w\" sizes=\"(max-width: 650px) 100vw, 650px\" \/><\/div><div class=\"grid2column lastcolumn\"><\/p>\n<h2><span style=\"color: #b81317;\"><strong>Mehlkammer &#8211; Hofcaf\u00e9<\/strong><\/span><\/h2>\n<h4>Feinste Backwaren mit hofeigenen Fr\u00fcchten<\/h4>\n<hr class=\"progression-hr\"><\/hr>\n<p>Im Hofgarten unter gro\u00dfen Eichenb\u00e4umen oder in der gem\u00fctlichen Mehlkammer mit ihren rustikal\u00a0 eingerichteten R\u00e4umen begeistern die hausgebackenen Torten und Fr\u00fcchtekuchen sowie leckere\u00a0 Kaffeespezialit\u00e4ten den Gaumen auf h\u00f6chstem Niveau.<\/p>\n<p>Die Mehlkammer bietet durch die freundlich\u2212l\u00e4ndliche Atmosph\u00e4re einen Ort zur Entspannung und \u00fcberzeugt durch wahren Genuss.<\/p>\n<p><\/div><div class=\"clearfix\"><\/div><\/p>\n<hr class=\"progression-hr\"><\/hr>\n<div class=\"grid2column\">\n<h2><span style=\"color: #b81317;\"><strong><strong><span style=\"color: #b81317;\">Mehlkammer<\/span> &#8211; Restaurant<\/strong><\/strong><\/span><\/h2>\n<h4>L\u00e4ndliche Spezialit\u00e4ten in gem\u00fctlichem Ambiente<\/h4>\n<hr class=\"progression-hr\"><\/hr>\n<p>Saftiges Fleisch, frisches Gem\u00fcse und andere K\u00f6stlichkeiten lassen sich lauschig bei einem guten Glas Wein in der fast 250 Jahre alten Mehlkammer genie\u00dfen.<br \/>\nDie exzellente K\u00fcche der Mehlkammer bietet eine bunte Anzahl an herzhaften Gerichten nach l\u00e4ndlichen Rezepten.<\/p>\n<p>Es werden hochwertige Produkte f\u00fcr die Spezialit\u00e4ten verarbeitet: in der Saison sorgt schmackhafter, hofeigener Spargel f\u00fcr eine au\u00dferordentliche Gaumenfreude.<\/div><div class=\"grid2column lastcolumn\"><img loading=\"lazy\" class=\"alignnone size-full wp-image-290\" src=\"https:\/\/www.mehlkammer.de\/mehlkammer\/wp-content\/uploads\/2014\/02\/hofcafe.png\" alt=\"hofcafe\" width=\"650\" height=\"350\" srcset=\"https:\/\/www.mehlkammer.de\/mehlkammer\/wp-content\/uploads\/2014\/02\/hofcafe.png 650w, https:\/\/www.mehlkammer.de\/mehlkammer\/wp-content\/uploads\/2014\/02\/hofcafe-300x161.png 300w\" sizes=\"(max-width: 650px) 100vw, 650px\" \/><\/div><div class=\"clearfix\"><\/div><\/p>\n<hr class=\"progression-hr\"><\/hr>\n<p><div class=\"grid2column\"><img loading=\"lazy\" class=\"alignnone size-full wp-image-296\" src=\"https:\/\/www.mehlkammer.de\/mehlkammer\/wp-content\/uploads\/2014\/02\/traditionqualitaet.png\" alt=\"traditionqualitaet\" width=\"650\" height=\"350\" srcset=\"https:\/\/www.mehlkammer.de\/mehlkammer\/wp-content\/uploads\/2014\/02\/traditionqualitaet.png 650w, https:\/\/www.mehlkammer.de\/mehlkammer\/wp-content\/uploads\/2014\/02\/traditionqualitaet-300x161.png 300w\" sizes=\"(max-width: 650px) 100vw, 650px\" \/><\/div><div class=\"grid2column lastcolumn\"><\/p>\n<h2><strong><span style=\"color: #b81317;\">Tradition &amp; Qualit\u00e4t<\/span><br \/>\n<\/strong><\/h2>\n<h4>Die Mehlkammer \u2212 mit viel Liebe zum Detail<\/h4>\n<hr class=\"progression-hr\"><\/hr>\n<p>Hier treffen Generationen aufeinander: eine gro\u00dfe Vielfalt von Menschen, die Genuss, Natur und Kultur erleben m\u00f6chten. Die Mehlkammer bietet f\u00fcr den Verzehr regionaler Spezialit\u00e4ten eine M\u00f6glichkeit, Wanderungen, Fahrradtouren oder Ausfl\u00fcge in gem\u00fctlicher Atmosph\u00e4re ausklingen zu lassen.<\/p>\n<p>Es wird barrierefreier Raum f\u00fcr Festlichkeiten aller Art geboten: ob Geburtstage, Hochzeiten, Konfirmationen, Betriebsfeiern etc., in den geschmackvollen R\u00e4umen finden bis zu 70 Personen Platz.<\/p>\n<p>Die Mehlkammer wird zu jeder Jahreszeit liebevoll dekoriert und die Tischgestaltungen sind zu jeder Festlichkeit individuell hergerichtet.<\/div><div class=\"clearfix\"><\/div><\/p>\n<hr class=\"progression-hr\"><\/hr>\n<div class=\"grid2column\">\n<h2><span style=\"color: #b81317;\"><strong>Mehlkammer &#8211; Spargelscheune<\/strong><\/span><\/h2>\n<hr class=\"progression-hr\"><\/hr>\n<p>Wir feiern 10 Jahre Spargelscheune. <\/p>\n<p>Dort wo fr\u00fcher die Pferde der Postkutschen standen findet nun in rustikaler historischer Atmosph\u00e4re jeden Sonntag von 12:00Uhr \u2013 14:00Uhr Uhr und 17:30Uhr \u2013 20:00Uhr, unser Spargelbuffet statt.<\/p>\n<p>Es erwartet Sie ein klassisches Sparbelbuffet. Zur Vorspeise bieten wir eine feine Spargelcremesuppe an. Zum Hauptgang erwartet Sie Spargel mit Schnitzel, Schinken, R\u00fchrei, Kartoffeln, Hollandaise und Butter. Ein leckeres Dessert rundet das Buffet ab. Das Buffet kostet 35,50\u20ac pro Person.<\/p>\n<p>F\u00fcr Festlichkeiten wie Hochzeiten und Geburtstage finden Sie hier ein ganz besonderes Ambiente. Bis zu 150 Personen finden hier ihren Platz zum feiern.<\/p>\n<p>Ab Ostern ist unsere Spargelscheune jedes Wochenende f\u00fcr Sie ge\u00f6ffnet \u2013 <strong>reservieren Sie jetzt ganz einfach \u00fcber unser Formular!<\/strong><\/p>\n<p><\/div><div class=\"grid2column lastcolumn\"><\/p>\n<div id=\"resmio-scheune\"><\/div>\n<p><script>(function(d, s) {\n    var js, rjs = d.getElementsByTagName(s)[0];\n    js = d.createElement(s);\n    js.src = \"\/\/static.resmio.com\/static\/de\/widget.js#id=scheune&height=460&width=330&fontSize=14px\";\n    rjs.parentNode.insertBefore(js, rjs);\n}(document, \"script\"));\n<\/script><br \/>\n<\/div><div class=\"clearfix\"><\/div><\/p>\n","protected":false},"excerpt":{"rendered":"","protected":false},"author":4,"featured_media":1006,"parent":0,"menu_order":0,"comment_status":"open","ping_status":"open","template":"","meta":[],"yoast_head":"<!-- This site is optimized with the Yoast SEO plugin v20.0 - https:\/\/yoast.com\/wordpress\/plugins\/seo\/ -->\n<title>Die Mehlkammer - Hofcaf\u00e9 &amp; Restaurant<\/title>\n<meta name=\"description\" content=\"Die Mehlkammer - Hofcaf\u00e9 &amp; Restaurant bietet l\u00e4ndliche Spezialit\u00e4ten aus hofeigenen Produkten wie Spargel, Erdbeeren, Heidelbeeren und Kirschen.\" \/>\n<meta name=\"robots\" content=\"index, follow, max-snippet:-1, max-image-preview:large, max-video-preview:-1\" \/>\n<link rel=\"canonical\" href=\"https:\/\/www.mehlkammer.de\/mehlkammer\/hofcafe-restaurant\/\" \/>\n<meta property=\"og:locale\" content=\"de_DE\" \/>\n<meta property=\"og:type\" content=\"article\" \/>\n<meta property=\"og:title\" content=\"Die Mehlkammer - Hofcaf\u00e9 &amp; Restaurant\" \/>\n<meta property=\"og:description\" content=\"Die Mehlkammer - Hofcaf\u00e9 &amp; Restaurant bietet l\u00e4ndliche Spezialit\u00e4ten aus hofeigenen Produkten wie Spargel, Erdbeeren, Heidelbeeren und Kirschen.\" \/>\n<meta property=\"og:url\" content=\"https:\/\/www.mehlkammer.de\/mehlkammer\/hofcafe-restaurant\/\" \/>\n<meta property=\"article:modified_time\" content=\"2025-04-10T09:50:45+00:00\" \/>\n<meta property=\"og:image\" content=\"https:\/\/www.mehlkammer.de\/mehlkammer\/wp-content\/uploads\/2015\/02\/radieschen1.jpg\" \/>\n\t<meta property=\"og:image:width\" content=\"2000\" \/>\n\t<meta property=\"og:image:height\" content=\"925\" \/>\n\t<meta property=\"og:image:type\" content=\"image\/jpeg\" \/>\n<meta name=\"twitter:label1\" content=\"Gesch\u00e4tzte Lesezeit\" \/>\n\t<meta name=\"twitter:data1\" content=\"3\u00a0Minuten\" \/>\n<script type=\"application\/ld+json\" class=\"yoast-schema-graph\">{\"@context\":\"https:\/\/schema.org\",\"@graph\":[{\"@type\":\"WebPage\",\"@id\":\"https:\/\/www.mehlkammer.de\/mehlkammer\/hofcafe-restaurant\/\",\"url\":\"https:\/\/www.mehlkammer.de\/mehlkammer\/hofcafe-restaurant\/\",\"name\":\"Die Mehlkammer - Hofcaf\u00e9 & Restaurant\",\"isPartOf\":{\"@id\":\"https:\/\/www.mehlkammer.de\/mehlkammer\/#website\"},\"datePublished\":\"2014-02-10T13:48:41+00:00\",\"dateModified\":\"2025-04-10T09:50:45+00:00\",\"description\":\"Die Mehlkammer - Hofcaf\u00e9 & Restaurant bietet l\u00e4ndliche Spezialit\u00e4ten aus hofeigenen Produkten wie Spargel, Erdbeeren, Heidelbeeren und Kirschen.\",\"breadcrumb\":{\"@id\":\"https:\/\/www.mehlkammer.de\/mehlkammer\/hofcafe-restaurant\/#breadcrumb\"},\"inLanguage\":\"de\",\"potentialAction\":[{\"@type\":\"ReadAction\",\"target\":[\"https:\/\/www.mehlkammer.de\/mehlkammer\/hofcafe-restaurant\/\"]}]},{\"@type\":\"BreadcrumbList\",\"@id\":\"https:\/\/www.mehlkammer.de\/mehlkammer\/hofcafe-restaurant\/#breadcrumb\",\"itemListElement\":[{\"@type\":\"ListItem\",\"position\":1,\"name\":\"Home\",\"item\":\"https:\/\/www.mehlkammer.de\/mehlkammer\/\"},{\"@type\":\"ListItem\",\"position\":2,\"name\":\"Hofcaf\u00e9 &#038; Restaurant\"}]},{\"@type\":\"WebSite\",\"@id\":\"https:\/\/www.mehlkammer.de\/mehlkammer\/#website\",\"url\":\"https:\/\/www.mehlkammer.de\/mehlkammer\/\",\"name\":\"\",\"description\":\"\",\"potentialAction\":[{\"@type\":\"SearchAction\",\"target\":{\"@type\":\"EntryPoint\",\"urlTemplate\":\"https:\/\/www.mehlkammer.de\/mehlkammer\/?s={search_term_string}\"},\"query-input\":\"required name=search_term_string\"}],\"inLanguage\":\"de\"}]}<\/script>\n<!-- \/ Yoast SEO plugin. -->","yoast_head_json":{"title":"Die Mehlkammer - Hofcaf\u00e9 & Restaurant","description":"Die Mehlkammer - Hofcaf\u00e9 & Restaurant bietet l\u00e4ndliche Spezialit\u00e4ten aus hofeigenen Produkten wie Spargel, Erdbeeren, Heidelbeeren und Kirschen.","robots":{"index":"index","follow":"follow","max-snippet":"max-snippet:-1","max-image-preview":"max-image-preview:large","max-video-preview":"max-video-preview:-1"},"canonical":"https:\/\/www.mehlkammer.de\/mehlkammer\/hofcafe-restaurant\/","og_locale":"de_DE","og_type":"article","og_title":"Die Mehlkammer - Hofcaf\u00e9 & Restaurant","og_description":"Die Mehlkammer - Hofcaf\u00e9 & Restaurant bietet l\u00e4ndliche Spezialit\u00e4ten aus hofeigenen Produkten wie Spargel, Erdbeeren, Heidelbeeren und Kirschen.","og_url":"https:\/\/www.mehlkammer.de\/mehlkammer\/hofcafe-restaurant\/","article_modified_time":"2025-04-10T09:50:45+00:00","og_image":[{"width":2000,"height":925,"url":"https:\/\/www.mehlkammer.de\/mehlkammer\/wp-content\/uploads\/2015\/02\/radieschen1.jpg","type":"image\/jpeg"}],"twitter_misc":{"Gesch\u00e4tzte Lesezeit":"3\u00a0Minuten"},"schema":{"@context":"https:\/\/schema.org","@graph":[{"@type":"WebPage","@id":"https:\/\/www.mehlkammer.de\/mehlkammer\/hofcafe-restaurant\/","url":"https:\/\/www.mehlkammer.de\/mehlkammer\/hofcafe-restaurant\/","name":"Die Mehlkammer - Hofcaf\u00e9 & Restaurant","isPartOf":{"@id":"https:\/\/www.mehlkammer.de\/mehlkammer\/#website"},"datePublished":"2014-02-10T13:48:41+00:00","dateModified":"2025-04-10T09:50:45+00:00","description":"Die Mehlkammer - Hofcaf\u00e9 & Restaurant bietet l\u00e4ndliche Spezialit\u00e4ten aus hofeigenen Produkten wie Spargel, Erdbeeren, Heidelbeeren und Kirschen.","breadcrumb":{"@id":"https:\/\/www.mehlkammer.de\/mehlkammer\/hofcafe-restaurant\/#breadcrumb"},"inLanguage":"de","potentialAction":[{"@type":"ReadAction","target":["https:\/\/www.mehlkammer.de\/mehlkammer\/hofcafe-restaurant\/"]}]},{"@type":"BreadcrumbList","@id":"https:\/\/www.mehlkammer.de\/mehlkammer\/hofcafe-restaurant\/#breadcrumb","itemListElement":[{"@type":"ListItem","position":1,"name":"Home","item":"https:\/\/www.mehlkammer.de\/mehlkammer\/"},{"@type":"ListItem","position":2,"name":"Hofcaf\u00e9 &#038; Restaurant"}]},{"@type":"WebSite","@id":"https:\/\/www.mehlkammer.de\/mehlkammer\/#website","url":"https:\/\/www.mehlkammer.de\/mehlkammer\/","name":"","description":"","potentialAction":[{"@type":"SearchAction","target":{"@type":"EntryPoint","urlTemplate":"https:\/\/www.mehlkammer.de\/mehlkammer\/?s={search_term_string}"},"query-input":"required name=search_term_string"}],"inLanguage":"de"}]}},"_links":{"self":[{"href":"https:\/\/www.mehlkammer.de\/mehlkammer\/wp-json\/wp\/v2\/pages\/258"}],"collection":[{"href":"https:\/\/www.mehlkammer.de\/mehlkammer\/wp-json\/wp\/v2\/pages"}],"about":[{"href":"https:\/\/www.mehlkammer.de\/mehlkammer\/wp-json\/wp\/v2\/types\/page"}],"author":[{"embeddable":true,"href":"https:\/\/www.mehlkammer.de\/mehlkammer\/wp-json\/wp\/v2\/users\/4"}],"replies":[{"embeddable":true,"href":"https:\/\/www.mehlkammer.de\/mehlkammer\/wp-json\/wp\/v2\/comments?post=258"}],"version-history":[{"count":18,"href":"https:\/\/www.mehlkammer.de\/mehlkammer\/wp-json\/wp\/v2\/pages\/258\/revisions"}],"predecessor-version":[{"id":2155,"href":"https:\/\/www.mehlkammer.de\/mehlkammer\/wp-json\/wp\/v2\/pages\/258\/revisions\/2155"}],"wp:featuredmedia":[{"embeddable":true,"href":"https:\/\/www.mehlkammer.de\/mehlkammer\/wp-json\/wp\/v2\/media\/1006"}],"wp:attachment":[{"href":"https:\/\/www.mehlkammer.de\/mehlkammer\/wp-json\/wp\/v2\/media?parent=258"}],"curies":[{"name":"wp","href":"https:\/\/api.w.org\/{rel}","templated":true}]}}